{"id":3945,"date":"2025-08-11T12:35:22","date_gmt":"2025-08-11T10:35:22","guid":{"rendered":"https:\/\/demo.xeniaprogetti.it\/fondazioneconcettadalessandro\/?page_id=3945"},"modified":"2026-03-04T16:38:26","modified_gmt":"2026-03-04T15:38:26","slug":"privacypolicy","status":"publish","type":"page","link":"https:\/\/demo.xeniaprogetti.it\/fondazioneconcettadalessandro\/privacypolicy\/","title":{"rendered":"PrivacyPolicy"},"content":{"rendered":"<div class=\"fusion-fullwidth fullwidth-box fusion-builder-row-1 fusion-flex-container has-pattern-background has-mask-background nonhundred-percent-fullwidth non-hundred-percent-height-scrolling\" style=\"--awb-border-radius-top-left:0px;--awb-border-radius-top-right:0px;--awb-border-radius-bottom-right:0px;--awb-border-radius-bottom-left:0px;--awb-padding-top:60px;--awb-background-color:var(--awb-color1);--awb-flex-wrap:wrap;\" ><div class=\"fusion-builder-row fusion-row fusion-flex-align-items-flex-start fusion-flex-content-wrap\" style=\"max-width:1365px;margin-left: calc(-5% \/ 2 );margin-right: calc(-5% \/ 2 );\"><div class=\"fusion-layout-column fusion_builder_column fusion-builder-column-0 fusion_builder_column_1_1 1_1 fusion-flex-column\" style=\"--awb-bg-color:var(--awb-color1);--awb-bg-color-hover:var(--awb-color1);--awb-bg-size:cover;--awb-width-large:100%;--awb-margin-top-large:0px;--awb-spacing-right-large:2.375%;--awb-margin-bottom-large:20px;--awb-spacing-left-large:2.375%;--awb-width-medium:100%;--awb-order-medium:0;--awb-spacing-right-medium:2.375%;--awb-spacing-left-medium:2.375%;--awb-width-small:100%;--awb-order-small:0;--awb-spacing-right-small:2.375%;--awb-spacing-left-small:2.375%;\"><div class=\"fusion-column-wrapper fusion-column-has-shadow fusion-flex-justify-content-flex-start fusion-content-layout-column\"><div class=\"fusion-title title fusion-title-1 fusion-sep-none fusion-title-text fusion-title-size-one\" style=\"--awb-text-color:var(--awb-color8);--awb-font-size:48px;\"><h1 class=\"fusion-title-heading title-heading-left\" style=\"font-family:&quot;Montserrat&quot;;font-style:normal;font-weight:500;margin:0;font-size:1em;\">Privacy Policy<\/h1><\/div><div class=\"fusion-text fusion-text-1\" style=\"--awb-font-size:17px;--awb-line-height:1.4;--awb-text-color:var(--awb-color8);--awb-text-font-family:&quot;Lora&quot;;--awb-text-font-style:normal;--awb-text-font-weight:400;\"><p><strong>INFORMATIVA SUL TRATTAMENTO DEI DATI PERSONALI PER NAVIGAZIONE SUL SITO WEB<\/strong><br \/>\n(ai sensi dell\u2019art. 13 del Reg. UE n. 2016\/679)<br \/>\nQuesta pagina elenca le modalit\u00e0 di gestione del sito riguardo al trattamento dei dati personali degli utenti che lo consultano.<\/p>\n<p>Trattasi di informativa messa a disposizione, ex art. 13 del Regolamento Europeo n. 679\/2016 (\u201cGDPR\u201d), all\u2019utenza che interagisce con i canali web presenti sul sito della Fondazione Concetta D\u2019Alessandro (Titolare del Trattamento, avente sede a Caltagirone, in Via delle Industrie 23), accessibili telematicamente all\u2019indirizzo www.fondazioneconcettadalessandro.org.<\/p>\n<p><strong>Dati relativi alla navigazione.<\/strong><\/p>\n<p>Il sito funziona attraverso programmi e sistemi informatici che raccolgono alcuni dati la cui trasmissione \u00e8 prevista implicitamente dall\u2019utilizzazione dei protocolli di Internet (a mero titolo esemplificativo: indirizzi IP o nomi a dominio dei computer utilizzati per collegarsi al sito, indirizzi URI \u2013 Uniform Resource Identifier \u2013 delle risorse richieste, orario della richiesta, metodo utilizzato nel sottoporre la richiesta al server, dimensione del file ottenuto in risposta, codice numerico circa lo stato della risposta resa dal server \u2013 buon fine, errore, ecc. \u2013 ed altri parametri relativi al sistema operativo e all\u2019ambiente informatico di chi intende accedere). Dunque, si rende noto che, sebbene tali dati non siano raccolti per essere associati a individui ben identificati, un\u2019associazione degli stessi con informazioni detenute da terzi e la loro elaborazione potrebbe ugualmente condurre all\u2019identificazione degli utenti.<\/p>\n<p><strong>Dati comunicati, in maniera volontaria, dall\u2019utente.<\/strong><\/p>\n<p>L\u2019utenza pu\u00f2 accedere al sito senza che, per la relativa consultazione, le venga chiesto il rilascio di dati personali. Tuttavia, eventuali contatti con la Fondazione \u201cConcetta D\u2019Alessandro\u201d (messaggistica tramite: il modulo di contatto web indicato, posta elettronica o tradizionale, pagina social, nonch\u00e9 l\u2019apposita sezione per l\u2019invio dei Curriculum Vitae) conducono alla conseguente acquisizione degli indirizzi (anche e-mail dei mittenti) e\/o dei numeri telefonici, per rispondere alle richieste, oltre a quella di eventuali ulteriori dati personali inclusi nelle rispettive comunicazioni.<\/p>\n<p>Dunque, tali dati verranno impiegati solo al fine di poter dare riscontro alle richieste dell\u2019utenza, potendo essere comunicati a terzi esclusivamente nel caso in cui ci\u00f2 sia necessario a tale scopo e nel rispetto delle finalit\u00e0 per le quali siano stati conferiti, in ossequio al Reg. UE n. 679\/2016.<\/p>\n<p><strong>Finalit\u00e0 di Trattamento.<\/strong><\/p>\n<p>I meri dati di navigazione inerenti al sito vengono impiegati esclusivamente per ricavare informazioni statistiche sull\u2019utilizzo delle pagine web (non associate ad alcun elemento\/aspetto identificativo dell\u2019utente) e per controllarne il corretto funzionamento. Gli stessi vengono eliminati dopo l\u2019elaborazione, ma potrebbero essere utilizzati per l\u2019accertamento di responsabilit\u00e0 nelle ipotesi di eventuali reati informatici ai danni del sito.<\/p>\n<p>Invece, si ribadisce che i dati forniti dall\u2019utenza, in maniera volontaria, verranno trattati esclusivamente per rispondere all\u2019esecuzione di un contratto di cui l\u2019utente fosse parte o a quella delle misure precontrattuali adottate su Sua richiesta o, ancora, per fornire, amministrare e gestire tutti i prodotti\/servizi richiesti, laddove necessario provvedendo alla relativa fatturazione, all\u2019invio di comunicazioni di servizio e all\u2019assistenza, in conformit\u00e0 con la presente Policy e con le specifiche Informative Privacy fornite in fase di adesione ad eventuali singoli servizi richiesti.<\/p>\n<p><strong>Base giuridica.<\/strong><\/p>\n<p>I trattamenti dei dati forniti dall\u2019utenza, in maniera volontaria, possono essere eseguiti per legittimo interesse del Titolare e, pi\u00f9 precisamente, per: gestire reclami e contenziosi, recuperare i crediti, prevenire frodi e attivit\u00e0 illecite; esercitare i diritti e tutelare gli interessi legittimi del Titolare; la promozione delle proprie attivit\u00e0 commerciali.<\/p>\n<p><strong>Modalit\u00e0 di Trattamento.<\/strong><\/p>\n<p>La modalit\u00e0 di trattamento dei dati si basa sui principi fondamentali, in osservanza degli standard di sicurezza previsti dalla legge. Il Titolare del trattamento garantisce sicurezza, riservatezza e protezione dei dati personali dei quali entra in possesso, in qualunque fase del processo di trattamento dei medesimi. Il trattamento dei dati verr\u00e0 eseguito da parte di personale incaricato dalla Fondazione \u201cConcetta D\u2019Alessandro\u201d, con procedure e strumenti tecnici ed informatici idonei a tutelare la riservatezza e la sicurezza dei dati.<\/p>\n<p>Il trattamento dei dati personali viene realizzato attraverso le operazioni previste ex art. 4, punto 2) del \u201cReg. UE n. 679\/2016\u201d.<\/p>\n<p><strong>Natura obbligatoria o facoltativa del conferimento.<\/strong><\/p>\n<p>Per navigare sul sito non \u00e8 richiesto alcun conferimento di dati personali da parte dell\u2019utente.<\/p>\n<p>Peraltro, \u00e8 possibile rifiutare il conferimento dei dati di navigazione selezionando l\u2019impostazione appropriata sul browser, disabilitando i cookie. A tal proposito si rimanda alle informative pubblicate sul sito di Google: https:\/\/www.google.it\/intl\/it\/policies\/privacy\/<br \/>\ne alla componente aggiuntiva del browser per la disattivazione di Google Analytics: https:\/\/tools.google.com\/dlpage\/gaoptout?hl=it.<\/p>\n<p>La disabilitazione dei cookie potrebbe peggiorare la navigazione e la fruizione delle funzionalit\u00e0 del sito.<\/p>\n<p>Per il trattamento dei dati forniti volontariamente non occorre sempre il consenso dell\u2019utente, poich\u00e9 il trattamento \u00e8 necessario all\u2019esecuzione di un contratto di cui l\u2019utente \u00e8 parte o all\u2019esecuzione di misure precontrattuali adottate su sua richiesta (art. 6, comma 1, lett. b) del Regolamento), nonch\u00e9, ove applicabile, per adempiere a un obbligo legale (art. 6, comma 1, lett. a) del Regolamento). Piuttosto, un mancato conferimento di taluni dati potrebbe compromettere in tutto o in parte l\u2019evasione della relativa richiesta.<\/p>\n<p>Trasferimento dati a Paesi Terzi e\/o ad organizzazioni internazionali.<\/p>\n<p>I dati non saranno in alcun modo oggetto di trasferimento verso Paesi Terzi extra UE e\/o organizzazioni internazionali.<\/p>\n<p><strong>Durata della conservazione.<\/strong><\/p>\n<p>I dati di navigazione vengono conservati dal Titolare del trattamento per tutto il tempo occorrente a ricavare informazioni statistiche anonime sull\u2019uso del sito e per controllarne il corretto funzionamento.<\/p>\n<p>Il Titolare del trattamento tratter\u00e0 i dati volontariamente conferiti dall\u2019utente per tutta la durata di esecuzione dei servizi richiesti e li conserver\u00e0 per i 12 mesi successivi, ai fini del completamento delle attivit\u00e0 amministrative, oltre che per il tempo necessario ad adempiere agli obblighi di legge.<\/p>\n<p><strong>Processi decisionali automatizzati.<\/strong><\/p>\n<p>Non vengono eseguiti dal Titolare trattamenti che comportino processi decisionali automatizzati.<\/p>\n<p><strong>Diritti dell\u2019interessato.<\/strong><\/p>\n<p>Relativamente ai seguenti articoli del Reg. UE n. 679\/2016: 15 \u2013 diritto di accesso, 16 \u2013 diritto di rettifica, 17 \u2013 diritto alla cancellazione, 18 \u2013 diritto alla limitazione del trattamento, 20 \u2013 diritto alla portabilit\u00e0, 21 \u2013 diritto di opposizione, l\u2019interessato potr\u00e0 esercitare i suoi diritti scrivendo al Titolare del trattamento ai recapiti sotto riportati oppure a mezzo e-mail, specificando l\u2019oggetto della Sua richiesta, cio\u00e8 il diritto che intende esercitare, allegando fotocopia di un documento di identit\u00e0 che attesti la legittimit\u00e0 della richiesta.<\/p>\n<p><strong>Revoca consenso.<\/strong><\/p>\n<p>Con riferimento all\u2019art. 6 del Reg. UE n. 679\/2016, l\u2019interessato pu\u00f2 revocare il consenso eventualmente prestato in qualsiasi momento.<\/p>\n<p><strong>Reclamo.<\/strong><\/p>\n<p>L\u2019interessato ha il diritto di proporre reclamo all\u2019Autorit\u00e0 di controllo dello Stato di residenza.<\/p>\n<p>Dati del Titolare del Trattamento e del Responsabile della protezione dei dati.<\/p>\n<p>Gli estremi identificativi del Titolare del Trattamento dei dati personali sono i seguenti: Fondazione \u201cConcetta D\u2019Alessandro\u201d, Via delle Industrie 23, 95041 Caltagirone (CT).<\/p>\n<\/div><\/div><\/div><\/div><\/div>\n","protected":false},"excerpt":{"rendered":"","protected":false},"author":2,"featured_media":0,"parent":0,"menu_order":0,"comment_status":"closed","ping_status":"closed","template":"","meta":{"footnotes":""},"class_list":["post-3945","page","type-page","status-publish","hentry"],"_links":{"self":[{"href":"https:\/\/demo.xeniaprogetti.it\/fondazioneconcettadalessandro\/wp-json\/wp\/v2\/pages\/3945","targetHints":{"allow":["GET"]}}],"collection":[{"href":"https:\/\/demo.xeniaprogetti.it\/fondazioneconcettadalessandro\/wp-json\/wp\/v2\/pages"}],"about":[{"href":"https:\/\/demo.xeniaprogetti.it\/fondazioneconcettadalessandro\/wp-json\/wp\/v2\/types\/page"}],"author":[{"embeddable":true,"href":"https:\/\/demo.xeniaprogetti.it\/fondazioneconcettadalessandro\/wp-json\/wp\/v2\/users\/2"}],"replies":[{"embeddable":true,"href":"https:\/\/demo.xeniaprogetti.it\/fondazioneconcettadalessandro\/wp-json\/wp\/v2\/comments?post=3945"}],"version-history":[{"count":20,"href":"https:\/\/demo.xeniaprogetti.it\/fondazioneconcettadalessandro\/wp-json\/wp\/v2\/pages\/3945\/revisions"}],"predecessor-version":[{"id":7377,"href":"https:\/\/demo.xeniaprogetti.it\/fondazioneconcettadalessandro\/wp-json\/wp\/v2\/pages\/3945\/revisions\/7377"}],"wp:attachment":[{"href":"https:\/\/demo.xeniaprogetti.it\/fondazioneconcettadalessandro\/wp-json\/wp\/v2\/media?parent=3945"}],"curies":[{"name":"wp","href":"https:\/\/api.w.org\/{rel}","templated":true}]}}

<div class="fusion-fullwidth fullwidth-box fusion-builder-row-1 fusion-flex-container has-pattern-background has-mask-background nonhundred-percent-fullwidth non-hundred-percent-height-scrolling" style="--awb-border-radius-top-left:0px;--awb-border-radius-top-right:0px;--awb-border-radius-bottom-right:0px;--awb-border-radius-bottom-left:0px;--awb-padding-top:60px;--awb-background-color:var(--awb-color1);--awb-flex-wrap:wrap;" ><div class="fusion-builder-row fusion-row fusion-flex-align-items-flex-start fusion-flex-content-wrap" style="max-width:1365px;margin-left: calc(-5% / 2 );margin-right: calc(-5% / 2 );"><div class="fusion-layout-column fusion_builder_column fusion-builder-column-0 fusion_builder_column_1_1 1_1 fusion-flex-column" style="--awb-bg-color:var(--awb-color1);--awb-bg-color-hover:var(--awb-color1);--awb-bg-size:cover;--awb-width-large:100%;--awb-margin-top-large:0px;--awb-spacing-right-large:2.375%;--awb-margin-bottom-large:20px;--awb-spacing-left-large:2.375%;--awb-width-medium:100%;--awb-order-medium:0;--awb-spacing-right-medium:2.375%;--awb-spacing-left-medium:2.375%;--awb-width-small:100%;--awb-order-small:0;--awb-spacing-right-small:2.375%;--awb-spacing-left-small:2.375%;"><div class="fusion-column-wrapper fusion-column-has-shadow fusion-flex-justify-content-flex-start fusion-content-layout-column"><div class="fusion-title title fusion-title-1 fusion-sep-none fusion-title-text fusion-title-size-one" style="--awb-text-color:var(--awb-color8);--awb-font-size:48px;"><h1 class="fusion-title-heading title-heading-left" style="font-family:&quot;Montserrat&quot;;font-style:normal;font-weight:500;margin:0;font-size:1em;">Privacy Policy</h1></div><div class="fusion-text fusion-text-1" style="--awb-font-size:17px;--awb-line-height:1.4;--awb-text-color:var(--awb-color8);--awb-text-font-family:&quot;Lora&quot;;--awb-text-font-style:normal;--awb-text-font-weight:400;"><p><strong>INFORMATIVA SUL TRATTAMENTO DEI DATI PERSONALI PER NAVIGAZIONE SUL SITO WEB</strong><br />
(ai sensi dell’art. 13 del Reg. UE n. 2016/679)<br />
Questa pagina elenca le modalità di gestione del sito riguardo al trattamento dei dati personali degli utenti che lo consultano.</p>
<p>Trattasi di informativa messa a disposizione, ex art. 13 del Regolamento Europeo n. 679/2016 (“GDPR”), all’utenza che interagisce con i canali web presenti sul sito della Fondazione Concetta D’Alessandro (Titolare del Trattamento, avente sede a Caltagirone, in Via delle Industrie 23), accessibili telematicamente all’indirizzo www.fondazioneconcettadalessandro.org.</p>
<p><strong>Dati relativi alla navigazione.</strong></p>
<p>Il sito funziona attraverso programmi e sistemi informatici che raccolgono alcuni dati la cui trasmissione è prevista implicitamente dall’utilizzazione dei protocolli di Internet (a mero titolo esemplificativo: indirizzi IP o nomi a dominio dei computer utilizzati per collegarsi al sito, indirizzi URI – Uniform Resource Identifier – delle risorse richieste, orario della richiesta, metodo utilizzato nel sottoporre la richiesta al server, dimensione del file ottenuto in risposta, codice numerico circa lo stato della risposta resa dal server – buon fine, errore, ecc. – ed altri parametri relativi al sistema operativo e all’ambiente informatico di chi intende accedere). Dunque, si rende noto che, sebbene tali dati non siano raccolti per essere associati a individui ben identificati, un’associazione degli stessi con informazioni detenute da terzi e la loro elaborazione potrebbe ugualmente condurre all’identificazione degli utenti.</p>
<p><strong>Dati comunicati, in maniera volontaria, dall’utente.</strong></p>
<p>L’utenza può accedere al sito senza che, per la relativa consultazione, le venga chiesto il rilascio di dati personali. Tuttavia, eventuali contatti con la Fondazione “Concetta D’Alessandro” (messaggistica tramite: il modulo di contatto web indicato, posta elettronica o tradizionale, pagina social, nonché l’apposita sezione per l’invio dei Curriculum Vitae) conducono alla conseguente acquisizione degli indirizzi (anche e-mail dei mittenti) e/o dei numeri telefonici, per rispondere alle richieste, oltre a quella di eventuali ulteriori dati personali inclusi nelle rispettive comunicazioni.</p>
<p>Dunque, tali dati verranno impiegati solo al fine di poter dare riscontro alle richieste dell’utenza, potendo essere comunicati a terzi esclusivamente nel caso in cui ciò sia necessario a tale scopo e nel rispetto delle finalità per le quali siano stati conferiti, in ossequio al Reg. UE n. 679/2016.</p>
<p><strong>Finalità di Trattamento.</strong></p>
<p>I meri dati di navigazione inerenti al sito vengono impiegati esclusivamente per ricavare informazioni statistiche sull’utilizzo delle pagine web (non associate ad alcun elemento/aspetto identificativo dell’utente) e per controllarne il corretto funzionamento. Gli stessi vengono eliminati dopo l’elaborazione, ma potrebbero essere utilizzati per l’accertamento di responsabilità nelle ipotesi di eventuali reati informatici ai danni del sito.</p>
<p>Invece, si ribadisce che i dati forniti dall’utenza, in maniera volontaria, verranno trattati esclusivamente per rispondere all’esecuzione di un contratto di cui l’utente fosse parte o a quella delle misure precontrattuali adottate su Sua richiesta o, ancora, per fornire, amministrare e gestire tutti i prodotti/servizi richiesti, laddove necessario provvedendo alla relativa fatturazione, all’invio di comunicazioni di servizio e all’assistenza, in conformità con la presente Policy e con le specifiche Informative Privacy fornite in fase di adesione ad eventuali singoli servizi richiesti.</p>
<p><strong>Base giuridica.</strong></p>
<p>I trattamenti dei dati forniti dall’utenza, in maniera volontaria, possono essere eseguiti per legittimo interesse del Titolare e, più precisamente, per: gestire reclami e contenziosi, recuperare i crediti, prevenire frodi e attività illecite; esercitare i diritti e tutelare gli interessi legittimi del Titolare; la promozione delle proprie attività commerciali.</p>
<p><strong>Modalità di Trattamento.</strong></p>
<p>La modalità di trattamento dei dati si basa sui principi fondamentali, in osservanza degli standard di sicurezza previsti dalla legge. Il Titolare del trattamento garantisce sicurezza, riservatezza e protezione dei dati personali dei quali entra in possesso, in qualunque fase del processo di trattamento dei medesimi. Il trattamento dei dati verrà eseguito da parte di personale incaricato dalla Fondazione “Concetta D’Alessandro”, con procedure e strumenti tecnici ed informatici idonei a tutelare la riservatezza e la sicurezza dei dati.</p>
<p>Il trattamento dei dati personali viene realizzato attraverso le operazioni previste ex art. 4, punto 2) del “Reg. UE n. 679/2016”.</p>
<p><strong>Natura obbligatoria o facoltativa del conferimento.</strong></p>
<p>Per navigare sul sito non è richiesto alcun conferimento di dati personali da parte dell’utente.</p>
<p>Peraltro, è possibile rifiutare il conferimento dei dati di navigazione selezionando l’impostazione appropriata sul browser, disabilitando i cookie. A tal proposito si rimanda alle informative pubblicate sul sito di Google: https://www.google.it/intl/it/policies/privacy/<br />
e alla componente aggiuntiva del browser per la disattivazione di Google Analytics: https://tools.google.com/dlpage/gaoptout?hl=it.</p>
<p>La disabilitazione dei cookie potrebbe peggiorare la navigazione e la fruizione delle funzionalità del sito.</p>
<p>Per il trattamento dei dati forniti volontariamente non occorre sempre il consenso dell’utente, poiché il trattamento è necessario all’esecuzione di un contratto di cui l’utente è parte o all’esecuzione di misure precontrattuali adottate su sua richiesta (art. 6, comma 1, lett. b) del Regolamento), nonché, ove applicabile, per adempiere a un obbligo legale (art. 6, comma 1, lett. a) del Regolamento). Piuttosto, un mancato conferimento di taluni dati potrebbe compromettere in tutto o in parte l’evasione della relativa richiesta.</p>
<p>Trasferimento dati a Paesi Terzi e/o ad organizzazioni internazionali.</p>
<p>I dati non saranno in alcun modo oggetto di trasferimento verso Paesi Terzi extra UE e/o organizzazioni internazionali.</p>
<p><strong>Durata della conservazione.</strong></p>
<p>I dati di navigazione vengono conservati dal Titolare del trattamento per tutto il tempo occorrente a ricavare informazioni statistiche anonime sull’uso del sito e per controllarne il corretto funzionamento.</p>
<p>Il Titolare del trattamento tratterà i dati volontariamente conferiti dall’utente per tutta la durata di esecuzione dei servizi richiesti e li conserverà per i 12 mesi successivi, ai fini del completamento delle attività amministrative, oltre che per il tempo necessario ad adempiere agli obblighi di legge.</p>
<p><strong>Processi decisionali automatizzati.</strong></p>
<p>Non vengono eseguiti dal Titolare trattamenti che comportino processi decisionali automatizzati.</p>
<p><strong>Diritti dell’interessato.</strong></p>
<p>Relativamente ai seguenti articoli del Reg. UE n. 679/2016: 15 – diritto di accesso, 16 – diritto di rettifica, 17 – diritto alla cancellazione, 18 – diritto alla limitazione del trattamento, 20 – diritto alla portabilità, 21 – diritto di opposizione, l’interessato potrà esercitare i suoi diritti scrivendo al Titolare del trattamento ai recapiti sotto riportati oppure a mezzo e-mail, specificando l’oggetto della Sua richiesta, cioè il diritto che intende esercitare, allegando fotocopia di un documento di identità che attesti la legittimità della richiesta.</p>
<p><strong>Revoca consenso.</strong></p>
<p>Con riferimento all’art. 6 del Reg. UE n. 679/2016, l’interessato può revocare il consenso eventualmente prestato in qualsiasi momento.</p>
<p><strong>Reclamo.</strong></p>
<p>L’interessato ha il diritto di proporre reclamo all’Autorità di controllo dello Stato di residenza.</p>
<p>Dati del Titolare del Trattamento e del Responsabile della protezione dei dati.</p>
<p>Gli estremi identificativi del Titolare del Trattamento dei dati personali sono i seguenti: Fondazione “Concetta D’Alessandro”, Via delle Industrie 23, 95041 Caltagirone (CT).</p>
</div></div></div></div></div>
